.
5
Suppose -2*r + 5*r - 600 = 0. Suppose 0*n = -5*n + r. What are the prime factors of n?
2, 5
Let g be (7 - 0) + -1*(-2 + 5). Suppose -2*d + 2*o = -272, g*d - 3*o = 5*d - 116. List the prime factors of d.
131
Let d(h) = 5*h + 34. Let v be d(-7). List the prime factors of 8/32*-2*(v + -235).
2, 59
Suppose -i = 3*z + 59, -2*i - z = 55 + 48. Let y = i + 27. Let a = -18 - y. What are the prime factors of a?
5
Suppose h - 2*f - 3 = 0, -h + f + 1 = -3*f. Let n = 38 + h. List the prime factors of n.
43
Let v(a) = 2*a**3 + 6*a**2 + 6*a - 1. Let o be v(-3). Let x = 25 - o. List the prime factors of x.
2, 11
Suppose 0 = -4*n - 16, -166 - 338 = -2*d - 4*n. List the prime factors of d.
2, 5, 13
Let u = 5641 + -2488. What are the prime factors of u?
3, 1051
Suppose 24 = -7*q + 143. Let i = 72 - 15. Suppose 0 = a + 3*t + 2*t - q, -a + i = -5*t. What are the prime factors of a?
37
Let o(x) = -x**3 + 5*x**2 - 3*x - 4. Let h be o(4). Let b be 4 + -6 + (h - -7). Suppose 15 = -b*i, -3*m + m + 6 = 2*i. List the prime factors of m.
2, 3
Let a(j) = -254*j**3 + j**2 - 2*j - 2. List the prime factors of a(-1).
3, 5, 17
Suppose -s + 5*z = -3*s + 336, -658 = -4*s - 3*z. Suppose 0 = -4*l - l + 2*k + 167, -5*l + 3*k = -s. List the prime factors of l.
5, 7
Suppose -2*f - 1 = -0*z - 5*z, 0 = -5*f + 2*z - 34. Suppose 0 = 28*u + 23 + 5. What are the prime factors of (-7)/(28/f) - u?
3
Suppose -5*p + 4*l + 29 = -0*p, 0 = -3*p + 2*l + 19. Let c(b) = -p*b - 20*b + 1 + 22*b. List the prime factors of c(-4).
29
Suppose -72 + 8 = -4*l. Let a(x) = -x**2 + 17*x + 1. List the prime factors of a(l).
17
Let c = 13 + -3. Suppose -4*r - c = -5*q - r, 3*r = 4*q - 11. Let d = 26 - q. What are the prime factors of d?
3
Suppose -3*h - 12 = -5*q, -2*q - h = -6*h - 20. Suppose 0 = -3*s - q*s + 102. List the prime factors of s.
2, 17
Let n = 3416 - -581. What are the prime factors of n?
7, 571
Suppose 5*x - 13*i + 15*i - 3191 = 0, 2*x - 1280 = -2*i. What are the prime factors of x?
7, 13
Suppose -3*n = -2*n + 4*r - 652, 2*n - 1334 = 2*r. List the prime factors of n.
2, 83
Suppose -g = 3*q - 13, -3*g - 4*q + 28 = g. Suppose b - 12*b = -748. List the prime factors of g/(-12) + b/6.
11
Suppose 7*x = x - 24. What are the prime factors of (-1)/x + 262/8?
3, 11
Let j = -1094 + 1618. List the prime factors of j.
2, 131
Suppose 0 = 2*o + 2, -47 = -0*r + r + o. What are the prime factors of 4 - r/((-3)/(-3))?
2, 5
Suppose 2*b = -5*j + 13, 0 = 4*b - 3*j + 2*j - 15. Let r(c) = -5*c + 2 + 14*c - b + 2*c. List the prime factors of r(3).
31
Let y(a) = a**3 - 12*a**2 - 3*a + 9. Let d = 42 + -30. Let z be y(d). Let n = 53 + z. What are the prime factors of n?
2, 13
What are the prime factors of (36/45)/(8/2780)?
2, 139
Suppose -y - y + 549 = b, -534 = -2*y + 4*b. Suppose -y = 3*l - 8*l - r, 3*r = -4*l + 225. List the prime factors of l.
2, 3
Let f = -45 + -15. What are the prime factors of -2 + f*(-4 - 39/(-12))?
43
What are the prime factors of (6 - 1)*(2 - -96)?
2, 5, 7
List the prime factors of (-2 - 2)*(5 + 1089/(-36)).
101
Let a = 7970 + -3818. List the prime factors of a.
2, 3, 173
Let p(q) = q**2 + 2*q**3 - q**3 - 7*q**2 + 4*q - 10 + 0. Let x be p(4). Let y = 65 + x. What are the prime factors of y?
3, 13
Let x(n) = n**2 + n - 64. Let y = 15 + 4. List the prime factors of x(y).
2, 79
Let i be 2 + -2 - (-6)/3. List the prime factors of (4 - (i - 2)) + 130.
2, 67
What are the prime factors of (99/22)/(3/2838) + 1?
2, 2129
Let x(d) be the first derivative of -d**4/4 - 2*d**3 - 4*d**2 - 5*d - 5. Suppose 4*o - 15 - 10 = j, -5*j + 3*o = 40. What are the prime factors of x(j)?
2, 5
Suppose 2*s - 1148 = g, s - 574 = -g + 3*g. What are the prime factors of s?
2, 7, 41
Let q be (-4 - 76/8)*-2. Let b = 17 - 29. Let o = q - b. List the prime factors of o.
3, 13
Let g = -544 - -191. Let p = -245 - g. List the prime factors of p.
2, 3
Suppose 3*f - 2*m = 567, 3*f - 4*m = 386 + 187. Suppose 4*t - 2*t - k = 185, 0 = -2*t - k + f. List the prime factors of t.
3, 31
Let f = 12 + -3. Suppose 46 = -8*z + f*z. What are the prime factors of z?
2, 23
Suppose -19*r + 37245 = -28267. What are the prime factors of r?
2, 431
Let o be 3/(3 - (-15)/(-10)). Suppose 3*k - 353 = o*p, 0 = -7*k + 2*k - p + 571. List the prime factors of k.
5, 23
Suppose -2*f + 9*f = 70. Suppose 7*k = f*k - 4*c - 440, -k = -c - 148. What are the prime factors of k?
2, 19
Let w(r) be the first derivative of 3*r**2 - r - 2 - 2 - 1. What are the prime factors of w(1)?
5
List the prime factors of (-5 + 7 + 2)*(-53)/(-2).
2, 53
Let i = -1 - -21. Let u be (-47)/3 - (-20)/(-60). List the prime factors of u/20 - (-1076)/i.
53
Let i = -166 - -187. What are the prime factors of i?
3, 7
Suppose -3*q - 2*q + 15 = 0. Suppose 0*d + q = -3*d. List the prime factors of (-13)/(-2*d/(-2)).
13
Let i(q) = 2*q**2 + 23*q - 8. Suppose 11*j - 119 = 18*j. What are the prime factors of i(j)?
179
Let n(j) = -j**3 - 8*j**2 - 2*j - 8. Suppose 0 = 5*y - 2*s + 42, 15 = -2*y - 0*y - s. Let w be n(y). Suppose c - w = 5. What are the prime factors of c?
13
Suppose -7*r - 61 = 44. List the prime factors of (-816)/r + (-12)/(-20).
5, 11
Suppose 4613 = 10*h - 10797. List the prime factors of h.
23, 67
Let l = 57 + -99. Let j = 17 - l. List the prime factors of j.
59
Let j = -56 + 78. Let z be 0/(-2)*(j + -23). Suppose 10*l - 4*l - 18 = z. List the prime factors of l.
3
Suppose 7*p - 4*p - 1517 = -2*j, p = -4*j + 489. List the prime factors of p.
509
Let f = 11 + -5. Suppose f*x = 3*x + 18. List the prime factors of x.
2, 3
Let k = 39 - 9. Suppose 5*n + 34 - 1 = 4*s, 3*s - 2*n = k. List the prime factors of s.
2, 3
Let l(v) = 79*v**3 - 5*v**2 + 4*v + 1. What are the prime factors of l(2)?
3, 23
Let t = 1217 + -945. What are the prime factors of t?
2, 17
List the prime factors of (12 - -477)*17/3.
17, 163
Let x(s) = 7*s**2 - 1. What are the prime factors of x(-6)?
251
Suppose 2*i + 60 = 3*i. Suppose 3*u = -u + i. Suppose z = -2*z + u. What are the prime factors of z?
5
Let g(k) = -k**2 - 6*k - 2. Let x be g(-5). Let z be -5 + 3 + x + 33. Suppose -4*h + 14 = -z. What are the prime factors of h?
2, 3
Suppose -2*n = -4*u + 32 + 26, 5*u + 2*n = 86. Let l = -13 + u. Suppose 2*g - l = 5. What are the prime factors of g?
2
Let v(y) = 5*y**2 + 2*y - 2. Let m be v(-2). Let f = m + -24. List the prime factors of (1/1)/(f/(-340)).
2, 17
Suppose -3*t = 3*c - 24, -3*t + 8 = -2*t - 4*c. List the prime factors of 1*(-1)/t - 2073/(-8).
7, 37
Suppose 5*h - 35 = -5*k - 0, 3*k = -h + 11. Suppose 0 = -k*n + 3*n - 4*s - 126, -3*n + 378 = 3*s. List the prime factors of n.
2, 3, 7
Let j(l) = l**2 - l + 3. Let t be j(2). Suppose -10 = t*d, -x + 2*x + 3*d - 59 = 0. What are the prime factors of x?
5, 13
Let w = -17 - -7. Let l = w - -15. Suppose -l*y - 68 = -9*y. List the prime factors of y.
17
Let z = 1318 + -1314. Suppose -76 = -3*l + 131. Suppose q + l = z*q. What are the prime factors of q?
23
Suppose 5*a + 4*j = 2248, 2*a - j = 4*j + 886. Suppose a = 2*k + 2*g, k + 3*g + 0*g = 218. What are the prime factors of k?
227
Suppose 0 = h - 0*b + 2*b + 2, b = -3*h + 14. Suppose -i + 5 = -h. List the prime factors of i.
11
Let v(o) = 2*o**3 + 5*o**2 - 11*o + 24. List the prime factors of v(6).
2, 3, 5, 19
Suppose -b - 3*b = -8, 133 = c - 3*b. Suppose -5*r + c = -11. Let p = -18 + r. List the prime factors of p.
2, 3
What are the prime factors of (-32784)/(-10) - 66/165?
2, 11, 149
Suppose 5*v - 7 = 3*w - 8, 4*v - 10 = -3*w. Suppose -s = -w*s + 135. List the prime factors of s.
3, 5
Let u(q) be the second derivative of -q**3/2 + 17*q**2/2 + 113*q - 2. Let j be 1*(-12 + 1 + 1). List the prime factors of u(j).
47
Let g = 71 - 67. What are the prime factors of 13 + g/((-8)/(-6))?
2
Let i(v) = 108*v**2 - 17*v - 6. List the prime factors of i(-5).
7, 397
Let g be 0*1*(-1)/2. Suppose g = 3*x - 99 + 27. Let d = x - 16. List the prime factors of d.
2
Let c = -3 + 3. Suppose c*p = -p + 44. List the prime factors of p.
2, 11
Let o = -295 - -130. Let h = o - -290. List the prime factors of h.
5
Suppose t + 124 = 19. Let p = t + 192. List the prime factors of p.
3, 29
Suppose 72*y - 71*y - 2 = 0, -4*y = 4*n - 18812. What are the prime factors of n?
3, 1567
Let b = -4 + 6. Let n(c) = c**2 - 4*c**b + 4*c**2 - 14 + 3 - 6*c. List